) prime?
True
Let q = 36 + -28. Let a be (q/(-14))/(10/(-35)). Is ((-7)/(-7))/(a/1262) composite?
False
Is ((-17247024)/96)/(9/(-2)*(-2)/(-42)) a prime number?
False
Suppose -332865 + 1526814 = 3*g - 3*l, 3*l = 5*g - 1989911. Is g a composite number?
False
Let o(q) be the first derivative of -q**4/4 - 5*q**2/2 + 1591*q - 97. Is o(0) composite?
True
Let u(s) = 168*s**2 + 54*s - 305. Is u(6) a prime number?
True
Let z be -6*(-6)/54*6. Suppose -z*w - w = -8795. Is w prime?
True
Let h = -57 + 59. Suppose -h*f + 4*z + 1873 = -f, 0 = 2*f - 4*z - 3742. Suppose -5*t + f = 4*m, t = 7*m - 4*m + 389. Is t composite?
True
Suppose -356*h + 699*h = 379*h - 509148. Is h prime?
True
Suppose 2*b + 5*h - 9 = 0, 15 = 4*b - 2*b + 3*h. Is 53256/b*1/2 a composite number?
True
Suppose 0 = -5*o - 565*l + 566*l + 520169, 0 = -3*l + 18. Is o prime?
False
Let z = 71 + -67. Suppose 0 = 4*p + z*s - 59376, 5*p - 6*p = 4*s - 14841. Is p composite?
True
Let s = -9095 + 18440. Suppose -3*y + 1278 = -s. Is y prime?
True
Suppose 16*r - 4 = 15*r. Suppose -3*p + r*p + m - 134 = 0, 12 = -3*m. Let v = p - 92. Is v a composite number?
True
Suppose 3*a = -2*w + 17, -4 = -4*w - 0. Suppose -4*z + 7*z = -2*j + 22, -4*j = -a*z. Suppose -2*x - j*m = -0*m - 3334, m = -x + 1661. Is x composite?
False
Suppose -101981 - 362593 = 22*t. Is 35/140*(-1 - t) prime?
True
Suppose 0 = -8*p + 2*p - 144. Let f = -16 - p. Suppose t + 3 = 0, 4*l - f*l - 5*t + 1765 = 0. Is l prime?
False
Let p(k) = -k**2 + 10*k - 7. Let n be p(9). Is (-15)/10 + 7447/n prime?
False
Let t(f) = -4*f**3 + 43*f**2 - 2*f - 17. Let q be t(19). Is (8 + 37)/9 + q/(-2) composite?
True
Let y(k) = -21978*k - 607. Is y(-3) a prime number?
True
Let m be ((-36)/7)/(8/(-28) + 0). Suppose -m*x - 113082 = -857076. Is x a composite number?
False
Suppose 13*y - 12*y + 23 = 0. Let g = y + 21. Is 6/3*(-121)/g composite?
True
Let o(j) = 4*j**2 + 9*j + 67. Let k(l) = -7*l**2 - 19*l - 135. Let x(w) = -3*k(w) - 5*o(w). Is x(37) prime?
False
Let c be (1/2)/(((-2)/9092)/(-1)). Let r = -1572 + c. Is r a composite number?
False
Is 22/(-12) + 4688757/54 a prime number?
False
Let r(j) = 9*j + 95. Let c be r(-10). Suppose 2*i = -s + 633, 3*i - 3189 = -c*s - i. Is s a prime number?
True
Let b(k) be the second derivative of 17/3*k**3 - 37/2*k**2 + 7*k + 0. Is b(17) composite?
False
Let n = -293949 - -507080. Is n composite?
False
Let g be ((-2880)/(-100))/(-2 + 46/20). Suppose -10*q + 2*q = g. Is 8/q*(-1932)/8 a composite number?
True
Let y(o) = 11*o**3 + 4*o**2 - 2*o - 170. Is y(21) composite?
False
Let d = -362 + 208. Is 2/(-14) - 161568/d composite?
False
Suppose -4*w - 4*b + 40906 = -2*w, -2*b - 102265 = -5*w. Is w composite?
True
Let q be 0 + 91 + 0/1. Suppose 96*v - 4890 = q*v. Suppose 0*g + v = 3*g. Is g composite?
True
Suppose -4*d + 80 = -4*x, -3 + 0 = -x. Let i(w) = 75*w**2 - 30*w + 104. Is i(d) prime?
True
Let i be ((-28)/(-21))/(1/(-3 - -2124)). Suppose -3*k + i = -4*k + g, 11298 = -4*k - 3*g. Let p = k - -7537. Is p composite?
True
Let f = -6 - -4. Let h be ((-6628)/(-10))/(60/900). Is (h/4)/(-3)*f composite?
False
Suppose 3*d = 4*d - 3. Suppose -2*n = 3*n + 4*l + 152, 0 = -5*n - d*l - 149. Let j = n + 65. Is j a composite number?
False
Suppose 9*g = -8 + 44. Suppose g*r = 78961 + 97443. Is r a prime number?
True
Let u(b) = 10*b**3 - 2*b**2 + 2*b - 1. Let a be u(1). Suppose -3 = 3*g - a. Is (-2649)/(-8) + (g - (-85)/(-40)) composite?
False
Suppose 19*n + 8793 = 20*n + 2*x, 3*x = -21. Is n prime?
True
Suppose 0 = d - 2*l + 6 - 10, d + 5 = -l. Is 1/5 - ((-39462)/15 + d) a composite number?
False
Let g = 269826 + -91927. Is g a composite number?
True
Let z(l) = l**2 - 18*l + 51. Let g be z(15). Suppose -15 - 15 = -g*i. Suppose -3443 = -c - 2*t, -4*t + 11791 + 5394 = i*c. Is c composite?
False
Is ((-272)/(-24) + -12)*(-2654841)/7 a prime number?
False
Let f(q) = -7835*q**3 - 16*q**2 - 53*q - 1. Is f(-3) a prime number?
True
Suppose 11*v - 19*v = 0. Suppose v = -r - 3*u + 5, 0 = -2*r + 4*r + 4*u - 10. Suppose 0*b + r*b = 5*d + 2075, -b + 5*d = -423. Is b composite?
True
Suppose -2*h + 277543 = 5*a + 2*h, 2*a - 111010 = 2*h. Is a a prime number?
False
Let n(y) = -27*y - 164. Let o be n(-6). Is 4762 - (4*(-2)/(-8) - o) composite?
False
Let q(p) be the first derivative of 12*p**3 + 4*p**2 + 29*p + 12. Let c be (-52)/20 - (-4)/(-10) - 0. Is q(c) prime?
False
Suppose -2*n - b + 5 = 0, 3*n - b + 5 = -0*b. Let a be ((-4)/(-3))/(6/9 - n). Suppose 162 = 2*g - 3*u - 181, g - a*u - 169 = 0. Is g a composite number?
False
Suppose -2*a + 45*r + 1677526 = 48*r, 3355052 = 4*a + r. Is a composite?
True
Let m(l) = -l**3 + 9*l**2 - 9*l + 8. Let z be m(8). Suppose z = -6*w - 521 + 4571. Suppose -2*k + w = -967. Is k composite?
False
Suppose 0 = -a + 1 + 8. Suppose 6740 = -a*d + 13*d. Is d prime?
False
Is (-34)/((-2448)/75516) + (10/12)/5 prime?
True
Let p(o) = 116 + o**2 - 3*o**2 + 2*o + 147. Let c = -56 - -56. Is p(c) a composite number?
False
Suppose 146416 = 50*i - 4050234. Is i a composite number?
False
Suppose 0 = 4*p - 5 + 41. Let w(z) = 47*z + 11. Let y be w(p). Let v = -33 - y. Is v a composite number?
False
Suppose 3*a - 59 = -14. Let p be 0 + 393*(-18)/a*-5. Suppose 0*m = v - 4*m - 567, 4*v = -2*m + p. Is v a composite number?
False
Let f(y) be the first derivative of 56*y**3/3 - y**2/2 - 30*y - 41. Let u(v) be the first derivative of f(v). Is u(2) composite?
False
Let d be ((-10)/8)/((-3)/12). Suppose -4*o = -100 - 732. Is -4 + (d - 4) + o a composite number?
True
Suppose -5*c - x + 44 = 0, -3*c + 28 = c - x. Let v be (-1 + 3)/((-73)/(-146)). Suppose -2*b = m - 801, 0 = -c*b + 9*b + v. Is m composite?
False
Let n(z) be the second derivative of 7*z**4/12 - 19*z**3/6 + 9*z**2/2 + 49*z - 6. Suppose 4*y - 4*a + 14 = y, 0 = 5*a + 20. Is n(y) prime?
False
Let c(u) be the third derivative of 289*u**6/40 + u**5/12 - u**4/6 - u**3/6 - 75*u**2. Is c(2) a prime number?
True
Let h(d) = 356*d**2 - 5*d - 6. Let f be (-18)/15*(-30)/12*1. Is h(f) prime?
False
Let y be (-1)/(4/(-6))*(-333138)/117. Let a = 8982 + y. Is a prime?
False
Is ((-926415)/(-17))/15 - 2/(-1) prime?
False
Let s(i) = 2429*i**2 + 298*i + 4652. Is s(-15) a composite number?
True
Suppose 44*l - 613737 - 2110259 = 0. Is l prime?
True
Let f = -56359 - -125576. Is f prime?
False
Let i = 121 - 129. Let g be 3/9 - i/3. Suppose -g*c - 454 - 1120 = -2*x, 0 = 3*x + 2*c - 2361. Is x composite?
False
Suppose 7*n + 11664 = 13*n. Suppose -8*l - 112 + n = 0. Let a = 922 + l. Is a prime?
True
Let x(z) be the third derivative of 47*z**4/12 - 63*z**3/2 - 5*z**2 + 15*z. Is x(23) composite?
False
Suppose -629304 = -22*r + 682138. Is r prime?
True
Let a(q) = 84808*q + 1807. Is a(55) a prime number?
True
Let f = -10279 - -21240. Is f a composite number?
True
Let s(i) = -330*i - 106. Let w be s(-25). Suppose 3*r + 1283 = w. Is r prime?
True
Let x(u) = 2. Let c(w) = -1272*w - 3. Let f(i) = c(i) + 6*x(i). Is f(-10) prime?
False
Suppose b + 1 = 0, 2*b = -n - 4*n + 823713. Is n prime?
True
Let w(z) = -1386638*z**3 - 26*z**2 - 37*z - 12. Is w(-1) prime?
False
Is (-7965448)/(-72) + 26 - 2/9 prime?
False
Let l be (-3)/(3/19)*1. Let n(f) = -13 - 2*f - 1 + 5394*f**2 - 5395*f**2 - 46*f. Is n(l) composite?
True
Let s(y) = 11326*y + 3695. Is s(14) composite?
True
Let a(b) = -149299*b**3 + 4*b**2 - b - 7. Is a(-1) a prime number?
True
Let m = -53 - -56. Let d be (-288)/24 - (-1 - 0)*m. Is (-28074)/(-18) - (-6)/d composite?
False
Suppose 0 = -3*a - 3. Is (a + 2)/(8/(-1432))*-1 composite?
False
Let y(h) be the third derivative of -h**7/1008 + 29*h**6/720 + 5*h**5/12 - 23*h**2. Let d(b) be the third derivative of y(b). Is d(-8) a composite number?
True
Let v(x) = -x**3 - 17*x**2 - 29*x - 84. Suppose -j - 34 = 2*y, -4*j + 56 = -5*y - 29. Is v(y) prime?
True
Suppose -3*m = 2*s - 504868, -10*s + 7*s = m - 757295. Is s a prime number?
True
Let h(u) be the first derivative of -u**5/20 - 11*u**4/12 - 3*u**3 + 13*u**2/2 - 7*u + 7. Let m(q) be the first derivative of h(q). Is m(-11) prime?
True
Let c be 1*12*(-76)/(-16). Let f = -52 + c. Suppose -4*l - 5*a = -330, 36 + 385 = f*l + 2*a. Is l a composite number?
True
Suppose -4*c + 35568 = -2*n - 14466, -n = 2*c - 25027. Is c a prime number?
True
Let w(t) = -38*t**2 + 78*t + 13. Let l be w(9). L